{"id":10,"date":"2016-08-05T10:15:37","date_gmt":"2016-08-05T10:15:37","guid":{"rendered":"http:\/\/localhost\/wordpress\/tesoto\/?page_id=10"},"modified":"2016-08-24T10:35:39","modified_gmt":"2016-08-24T10:35:39","slug":"desarrollo-web","status":"publish","type":"page","link":"https:\/\/www.tesoto.es\/?page_id=10","title":{"rendered":"Desarrollo Web"},"content":{"rendered":"<p>\t\t\t\t<img src=\"https:\/\/www.tesoto.es\/wp-content\/uploads\/2016\/08\/estandaresjpg.png\" alt=\"estandares\" itemprop=\"image\"  \/><\/p>\n<p>Desarrollamos para la web teniendo en cuenta los <strong>est\u00e1ndares<\/strong> actuales para conseguir interfaces amigables, f\u00e1ciles de comprender, y agradables de utilizar para todos los usuarios.<\/p>\n<p>\t\t\t\t<img src=\"https:\/\/www.tesoto.es\/wp-content\/uploads\/2016\/08\/responsive.png\" alt=\"responsive design\" itemprop=\"image\"  \/><\/p>\n<p>Hoy en d\u00eda se utilizan todo tipo de dispositivos para acceder a la web, por lo que utilizar un <strong>dise\u00f1o responsive<\/strong> o adaptativo es la mejor opci\u00f3n para garantizar que se pueda disfrutar de los contenidos en todos los casos y condiciones.<\/p>\n<p>Puedes ver un ejemplo de estos principios de dise\u00f1o en nuestro sitio, o en alguno\u00a0de nuestros clientes\u00a0<a target=\"_blank\" href=\"http:\/\/vivobox.es\">vivobox.es<\/a>\u00a0.<\/p>\n<p>\t\t\t\t<img src=\"https:\/\/www.tesoto.es\/wp-content\/uploads\/2016\/08\/web.png\" alt=\"web\" itemprop=\"image\"  \/><\/p>\n<p>En un mundo cada vez m\u00e1s global, es cada vez m\u00e1s importante poder acceder a los recursos y aplicaciones desde cualquier parte y a trav\u00e9s de m\u00faltiples medios. <\/p>\n<p>Desarrollamos <strong>aplicaciones web<\/strong> que permiten a nuestros clientes estar disponibles sen cualquier momento y lugar.<\/p>\n","protected":false},"excerpt":{"rendered":"<p>Desarrollamos para la web teniendo en cuenta los est\u00e1ndares actuales para conseguir interfaces amigables, f\u00e1ciles de comprender, y agradables de utilizar para todos los usuarios. Hoy en d\u00eda se utilizan todo tipo de dispositivos para acceder a la web, por lo que utilizar un dise\u00f1o responsive o adaptativo es la&#8230;<\/p>\n","protected":false},"author":1,"featured_media":0,"parent":0,"menu_order":0,"comment_status":"closed","ping_status":"closed","template":"template-fullwidth.php","meta":[],"_links":{"self":[{"href":"https:\/\/www.tesoto.es\/index.php?rest_route=\/wp\/v2\/pages\/10"}],"collection":[{"href":"https:\/\/www.tesoto.es\/index.php?rest_route=\/wp\/v2\/pages"}],"about":[{"href":"https:\/\/www.tesoto.es\/index.php?rest_route=\/wp\/v2\/types\/page"}],"author":[{"embeddable":true,"href":"https:\/\/www.tesoto.es\/index.php?rest_route=\/wp\/v2\/users\/1"}],"replies":[{"embeddable":true,"href":"https:\/\/www.tesoto.es\/index.php?rest_route=%2Fwp%2Fv2%2Fcomments&post=10"}],"version-history":[{"count":3,"href":"https:\/\/www.tesoto.es\/index.php?rest_route=\/wp\/v2\/pages\/10\/revisions"}],"predecessor-version":[{"id":103,"href":"https:\/\/www.tesoto.es\/index.php?rest_route=\/wp\/v2\/pages\/10\/revisions\/103"}],"wp:attachment":[{"href":"https:\/\/www.tesoto.es\/index.php?rest_route=%2Fwp%2Fv2%2Fmedia&parent=10"}],"curies":[{"name":"wp","href":"https:\/\/api.w.org\/{rel}","templated":true}]}}