{"id":15,"date":"2016-08-05T10:26:15","date_gmt":"2016-08-05T10:26:15","guid":{"rendered":"http:\/\/localhost\/wordpress\/tesoto\/?page_id=15"},"modified":"2024-04-16T11:49:16","modified_gmt":"2024-04-16T11:49:16","slug":"casos-de-exito","status":"publish","type":"page","link":"https:\/\/www.tesoto.es\/?page_id=15","title":{"rendered":"Casos de \u00e9xito"},"content":{"rendered":"\n<p>Aqu\u00ed se pueden ver resumidamente algunos de los proyectos que hemos desarrollado previamente para comprobar los resultados en nuestras distintas \u00e1reas de trabajo.<\/p>\n<h2>\u00a03D P\u00e9rdidas de carga (Zitr\u00f3n)<\/h2>\n<p>Tiene por objetivo facilitar el dise\u00f1o de circuitos de ventilaci\u00f3n. Estos circuitos se crean\u00a0a partir de componentes b\u00e1sicos con representaci\u00f3n tridimensional y el programa muestra\u00a0como evolucionan todos los par\u00e1metros f\u00edsicos relacionados con su funcionamiento, como caudal y presi\u00f3n del aire, as\u00ed como p\u00e9rdidas de carga (presi\u00f3n de aire) fruto de la circulaci\u00f3n del caudal de aire por el interior de los elementos del circuito y las uniones entre estos elementos.<\/p>\n<h2><\/h2>\n<p>\t\t\t\t<a href=\"https:\/\/www.tesoto.es\/wp-content\/uploads\/2016\/08\/tuberia2.jpg\" target=\"_self\" itemprop=\"url\" rel=\"noopener\"><br \/>\n\t\t\t\t<img src=\"https:\/\/www.tesoto.es\/wp-content\/uploads\/2016\/08\/tuberia2.jpg\" alt=\"tuber\u00eda de ventilaci\u00f3n\" itemprop=\"image\"  \/><br \/>\n\t\t\t\t<\/a><\/p>\n<h2>Vivobox<\/h2>\n<p>Tienda online de venta de paquetes de experiencias por la geograf\u00eda asturiana, tales como estancias en casonas rurales, tratamientos de bienestar, belleza, moda, cursos y masterclasses, rutas gastron\u00f3micas, sesiones de aventura, o rutas gastron\u00f3micas. todas se pueden consultar en\u00a0<a href=\"https:\/\/www.vivobox.es\/\">https:\/\/www.vivobox.es\/<\/a><\/p>\n<p>\t\t\t\t<a href=\"https:\/\/www.tesoto.es\/wp-content\/uploads\/2016\/08\/vivobox_vista.jpg\" target=\"_self\" itemprop=\"url\" rel=\"noopener\"><br \/>\n\t\t\t\t<img src=\"https:\/\/www.tesoto.es\/wp-content\/uploads\/2016\/08\/vivobox_vista.jpg\" alt=\"vivobox web\" itemprop=\"image\"  \/><br \/>\n\t\t\t\t<\/a><br \/>\n\t\tTienda online  VivoBox experiencias<\/p>\n<h2>Kentia (altabox.net)<\/h2>\n<p>Software de ambientaci\u00f3n musical y visual. Permite la gesti\u00f3n y reproducci\u00f3n de m\u00fasica, v\u00eddeo y contenidos interactivos en puntos de venta de establecimientos como las tiendas de la marca Inditex, o supermercados como Alimerka o Masymas .<\/p>\n<p>Kentia incluye gesti\u00f3n de canales musicales, inclusi\u00f3n de cu\u00f1as publicitarias, gesti\u00f3n de v\u00eddeo para marketing din\u00e1mico, gesti\u00f3n de turnos, integraci\u00f3n de Redes Sociales, y realidad aumentada.<\/p>\n<p>&nbsp;<\/p>\n<p>\t<iframe loading=\"lazy\" width=\"900\" height=\"675\" src=\"https:\/\/www.youtube.com\/embed\/E9JQhrutMY4?feature=oembed\" frameborder=\"0\" allowfullscreen><\/iframe><\/p>\n<h2>Pi.cas.So (Ortoib\u00e9rica)<\/h2>\n<p>\nPi.Cas.So es un potente software de dise\u00f1o 3D para la industria ortop\u00e9dica que permite trabajar con modelos 2D \u00a0y 3D y dispone\u00a0de bibliotecas repletas de plantillas. Est\u00e1 organizado en m\u00f3dulos provistos de \u00fatiles herramientas de edici\u00f3n para las tareas m\u00e1s comunes, haciendo f\u00e1cil el centrarse en el trabajo sin tener que preocuparse por la tecnolog\u00eda empleada.\n<\/p>\n<p>\nAdem\u00e1s, dispone de una extensi\u00f3n m\u00f3vil llamada Arlequ\u00edn que permite enviar fotos de los pacientes desde un dispositivo a la base de datos de Pic.Cas.So para utilizarlso en el programa principal. Arlequ\u00edn se pude obtener en la Play Store y App Store de Apple.<\/p>\n<p><iframe loading=\"lazy\" width=\"900\" height=\"506\" src=\"https:\/\/www.youtube.com\/embed\/4nP39fPvEOw?feature=oembed\" frameborder=\"0\" allowfullscreen><\/iframe><\/p>\n<h2>Selector, Vensec (Proyectos para Zitr\u00f3n)<\/h2>\n<p style=\"text-align: left;\">Aplicaciones que permiten la selecci\u00f3n autom\u00e1tica de los elementos de obra m\u00e1s adecuados en funci\u00f3n de diferentes criterios.<\/p>\n<p style=\"text-align: left;\">Permite la comparaci\u00f3n y c\u00e1lculo del ahorro de distintas solciones\u00a0para\u00a0obtener la configuraci\u00f3n \u00f3ptima que satisfaga las condiciones de trabajo especificadas.<\/p>\n<p>\t\t\t\t<img src=\"https:\/\/www.tesoto.es\/wp-content\/uploads\/2016\/08\/image002.png\" alt=\"informe proyectos vensec\" itemprop=\"image\"  \/><br \/>\n\t\t\t\t<img src=\"https:\/\/www.tesoto.es\/wp-content\/uploads\/2016\/08\/image001.jpg\" alt=\"selector\" itemprop=\"image\"  \/><\/p>\n","protected":false},"excerpt":{"rendered":"<p>Aqu\u00ed se pueden ver resumidamente algunos de los proyectos que hemos desarrollado previamente para comprobar los resultados en nuestras distintas \u00e1reas de trabajo. \u00a03D P\u00e9rdidas de carga (Zitr\u00f3n) Tiene por objetivo facilitar el dise\u00f1o de circuitos de ventilaci\u00f3n. Estos circuitos se crean\u00a0a partir de componentes b\u00e1sicos con representaci\u00f3n tridimensional y&#8230;<\/p>\n","protected":false},"author":1,"featured_media":0,"parent":0,"menu_order":0,"comment_status":"closed","ping_status":"closed","template":"template-fullwidth.php","meta":[],"_links":{"self":[{"href":"https:\/\/www.tesoto.es\/index.php?rest_route=\/wp\/v2\/pages\/15"}],"collection":[{"href":"https:\/\/www.tesoto.es\/index.php?rest_route=\/wp\/v2\/pages"}],"about":[{"href":"https:\/\/www.tesoto.es\/index.php?rest_route=\/wp\/v2\/types\/page"}],"author":[{"embeddable":true,"href":"https:\/\/www.tesoto.es\/index.php?rest_route=\/wp\/v2\/users\/1"}],"replies":[{"embeddable":true,"href":"https:\/\/www.tesoto.es\/index.php?rest_route=%2Fwp%2Fv2%2Fcomments&post=15"}],"version-history":[{"count":3,"href":"https:\/\/www.tesoto.es\/index.php?rest_route=\/wp\/v2\/pages\/15\/revisions"}],"predecessor-version":[{"id":163,"href":"https:\/\/www.tesoto.es\/index.php?rest_route=\/wp\/v2\/pages\/15\/revisions\/163"}],"wp:attachment":[{"href":"https:\/\/www.tesoto.es\/index.php?rest_route=%2Fwp%2Fv2%2Fmedia&parent=15"}],"curies":[{"name":"wp","href":"https:\/\/api.w.org\/{rel}","templated":true}]}}